{"id":24,"date":"2023-04-27T21:39:19","date_gmt":"2023-04-27T19:39:19","guid":{"rendered":"http:\/\/skole.jfmwebkatalog.dk\/?page_id=24"},"modified":"2023-05-02T09:56:56","modified_gmt":"2023-05-02T07:56:56","slug":"medarbejdere","status":"publish","type":"page","link":"https:\/\/jfmwebkatalog.dk\/designs\/skole\/medarbejdere\/","title":{"rendered":"Medarbejdere"},"content":{"rendered":"\t\t<div data-elementor-type=\"wp-page\" data-elementor-id=\"24\" class=\"elementor elementor-24\" data-elementor-post-type=\"page\">\n\t\t\t\t\t\t<section class=\"elementor-section elementor-top-section elementor-element elementor-element-1d8a0255 elementor-section-boxed elementor-section-height-default elementor-section-height-default\" data-id=\"1d8a0255\" data-element_type=\"section\" data-e-type=\"section\" data-settings=\"{&quot;background_background&quot;:&quot;classic&quot;}\">\n\t\t\t\t\t\t\t<div class=\"elementor-background-overlay\"><\/div>\n\t\t\t\t\t\t\t<div class=\"elementor-container elementor-column-gap-default\">\n\t\t\t\t\t<div class=\"elementor-column elementor-col-100 elementor-top-column elementor-element elementor-element-45c9b98\" data-id=\"45c9b98\" data-element_type=\"column\" data-e-type=\"column\">\n\t\t\t<div class=\"elementor-widget-wrap elementor-element-populated\">\n\t\t\t\t\t\t\t<\/div>\n\t\t<\/div>\n\t\t\t\t\t<\/div>\n\t\t<\/section>\n\t\t\t\t<section class=\"elementor-section elementor-top-section elementor-element elementor-element-5c400260 elementor-section-boxed elementor-section-height-default elementor-section-height-default\" data-id=\"5c400260\" data-element_type=\"section\" data-e-type=\"section\">\n\t\t\t\t\t\t<div class=\"elementor-container elementor-column-gap-wider\">\n\t\t\t\t\t<div class=\"elementor-column elementor-col-100 elementor-top-column elementor-element elementor-element-1020b43 elementor-invisible\" data-id=\"1020b43\" data-element_type=\"column\" data-e-type=\"column\" data-settings=\"{&quot;animation&quot;:&quot;fadeIn&quot;}\">\n\t\t\t<div class=\"elementor-widget-wrap elementor-element-populated\">\n\t\t\t\t\t\t<div class=\"elementor-element elementor-element-ca8c557 elementor-widget elementor-widget-text-editor\" data-id=\"ca8c557\" data-element_type=\"widget\" data-e-type=\"widget\" data-widget_type=\"text-editor.default\">\n\t\t\t\t<div class=\"elementor-widget-container\">\n\t\t\t\t\t\t\t\t\t<p>Medarbejdere<\/p>\t\t\t\t\t\t\t\t<\/div>\n\t\t\t\t<\/div>\n\t\t\t\t<div class=\"elementor-element elementor-element-5f5c5fbe elementor-widget-divider--view-line elementor-widget elementor-widget-divider\" data-id=\"5f5c5fbe\" data-element_type=\"widget\" data-e-type=\"widget\" data-widget_type=\"divider.default\">\n\t\t\t\t<div class=\"elementor-widget-container\">\n\t\t\t\t\t\t\t<div class=\"elementor-divider\">\n\t\t\t<span class=\"elementor-divider-separator\">\n\t\t\t\t\t\t<\/span>\n\t\t<\/div>\n\t\t\t\t\t\t<\/div>\n\t\t\t\t<\/div>\n\t\t\t\t<div class=\"elementor-element elementor-element-7d64d803 elementor-widget elementor-widget-heading\" data-id=\"7d64d803\" data-element_type=\"widget\" data-e-type=\"widget\" data-widget_type=\"heading.default\">\n\t\t\t\t<div class=\"elementor-widget-container\">\n\t\t\t\t\t<h1 class=\"elementor-heading-title elementor-size-default\">M\u00f8d medarbejderne p\u00e5 Bellenau Efterskole<\/h1>\t\t\t\t<\/div>\n\t\t\t\t<\/div>\n\t\t\t\t<div class=\"elementor-element elementor-element-5b86fa2d elementor-widget elementor-widget-text-editor\" data-id=\"5b86fa2d\" data-element_type=\"widget\" data-e-type=\"widget\" data-widget_type=\"text-editor.default\">\n\t\t\t\t<div class=\"elementor-widget-container\">\n\t\t\t\t\t\t\t\t\t<p>Velkommen til vores personaleside for undervisere! Her kan du l\u00e6re vores engagerede og kvalificerede undervisere at kende. Vores undervisere br\u00e6nder for at hj\u00e6lpe vores studerende med at n\u00e5 deres m\u00e5l og udvikle deres f\u00e6rdigheder. L\u00e6r mere om vores undervisere og deres p\u00e6dagogiske tilgang, ekspertise og personlige interesser.<\/p>\t\t\t\t\t\t\t\t<\/div>\n\t\t\t\t<\/div>\n\t\t\t\t\t<\/div>\n\t\t<\/div>\n\t\t\t\t\t<\/div>\n\t\t<\/section>\n\t\t\t\t<section class=\"elementor-section elementor-top-section elementor-element elementor-element-d12cf7e elementor-section-boxed elementor-section-height-default elementor-section-height-default\" data-id=\"d12cf7e\" data-element_type=\"section\" data-e-type=\"section\">\n\t\t\t\t\t\t<div class=\"elementor-container elementor-column-gap-wider\">\n\t\t\t\t\t<div class=\"elementor-column elementor-col-100 elementor-top-column elementor-element elementor-element-f6cca37 elementor-invisible\" data-id=\"f6cca37\" data-element_type=\"column\" data-e-type=\"column\" data-settings=\"{&quot;animation&quot;:&quot;fadeIn&quot;}\">\n\t\t\t<div class=\"elementor-widget-wrap elementor-element-populated\">\n\t\t\t\t\t\t<div class=\"elementor-element elementor-element-8caef82 elementor-widget elementor-widget-wp-widget-widget_tlpteam_sc\" data-id=\"8caef82\" data-element_type=\"widget\" data-e-type=\"widget\" data-widget_type=\"wp-widget-widget_tlpteam_sc.default\">\n\t\t\t\t<div class=\"elementor-widget-container\">\n\t\t\t\t\t<div class='rt-container-fluid rt-team-container rt-pos-r rt-team-container-413' id='rt-team-container-2359978324'  data-layout='isotope-free' data-desktop-col='3'  data-tab-col='2'  data-mobile-col='1' data-sc-id='413' data-popup-bg=''><div data-title='Loading ...' class='rt-row rt-content-loader isotope-free ttp-even ttp-pre-loader'><div id=\"iso-button-2359978324\" class=\"ttp-isotope-buttons button-group filter-button-group\"><button data-filter='*' class=\"selected\">Show all<\/button><button data-filter='.iso_14' >Reng\u00f8ring<\/button><button data-filter='.iso_15' >Administration<\/button><button data-filter='.iso_6' >Basketball<\/button><button data-filter='.iso_7' >Breakdance<\/button><button data-filter='.iso_8' >Musik<\/button><button data-filter='.iso_9' >Teater<\/button><button data-filter='.iso_10' >Kunst<\/button><button data-filter='.iso_11' >Ledelse<\/button><button data-filter='.iso_12' >Bestyrelse<\/button><button data-filter='.iso_13' >K\u00f8kken<\/button><\/div><div class='tlp-team-isotope' id='iso-team-2359978324'><div class=\"rt-col-md-4 rt-col-sm-6 rt-col-xs-12  even-grid-item rt-grid-item isotope-item  iso_6 iso_12 iso_10 iso_11 iso_8\" data-id=\"384\"><div class=\"single-team-area\"><div class=\"single-team\"><figure><a class=\"\" data-id=\"384\" target=\"_self\" href=\"https:\/\/jfmwebkatalog.dk\/designs\/skole\/team\/medarbejder\/\"><img fetchpriority=\"high\" decoding=\"async\" width=\"800\" height=\"534\" src=\"https:\/\/jfmwebkatalog.dk\/designs\/skole\/wp-content\/uploads\/2023\/05\/expressive-redhead-guy-beige-shirt.jpg\" class=\"img-responsive rt-team-img\" alt=\"Medarbejder\" \/><\/a><\/figure><\/div><div class=\"tlp-content\"><h3><span class=\"team-name\"><a class=\"\" data-id=\"384\" target=\"_self\" title=\"Medarbejder\" href=\"https:\/\/jfmwebkatalog.dk\/designs\/skole\/team\/medarbejder\/\">Medarbejder<\/a><\/span><\/h3><\/div><div class=\"short-bio\"><p>Stillingsbetegnelse<\/p>\n<\/div><\/div><\/div><div class=\"rt-col-md-4 rt-col-sm-6 rt-col-xs-12  even-grid-item rt-grid-item isotope-item  iso_15 iso_12 iso_11\" data-id=\"394\"><div class=\"single-team-area\"><div class=\"single-team\"><figure><a class=\"\" data-id=\"394\" target=\"_self\" href=\"https:\/\/jfmwebkatalog.dk\/designs\/skole\/team\/medarbejder-2\/\"><img decoding=\"async\" width=\"800\" height=\"534\" src=\"https:\/\/jfmwebkatalog.dk\/designs\/skole\/wp-content\/uploads\/2023\/05\/cheerful-middle-aged-woman-with-curly-hair.jpg\" class=\"img-responsive rt-team-img\" alt=\"Medarbejder\" \/><\/a><\/figure><\/div><div class=\"tlp-content\"><h3><span class=\"team-name\"><a class=\"\" data-id=\"394\" target=\"_self\" title=\"Medarbejder\" href=\"https:\/\/jfmwebkatalog.dk\/designs\/skole\/team\/medarbejder-2\/\">Medarbejder<\/a><\/span><\/h3><\/div><div class=\"short-bio\"><p>Stillingsbetegnelse<\/p>\n<\/div><\/div><\/div><div class=\"rt-col-md-4 rt-col-sm-6 rt-col-xs-12  even-grid-item rt-grid-item isotope-item  iso_15 iso_6 iso_12 iso_7 iso_13\" data-id=\"395\"><div class=\"single-team-area\"><div class=\"single-team\"><figure><a class=\"\" data-id=\"395\" target=\"_self\" href=\"https:\/\/jfmwebkatalog.dk\/designs\/skole\/team\/medarbejder-3\/\"><img decoding=\"async\" width=\"800\" height=\"534\" src=\"https:\/\/jfmwebkatalog.dk\/designs\/skole\/wp-content\/uploads\/2023\/05\/handsome-confident-smiling-man-with-hands-crossed-chest.jpg\" class=\"img-responsive rt-team-img\" alt=\"Medarbejder\" \/><\/a><\/figure><\/div><div class=\"tlp-content\"><h3><span class=\"team-name\"><a class=\"\" data-id=\"395\" target=\"_self\" title=\"Medarbejder\" href=\"https:\/\/jfmwebkatalog.dk\/designs\/skole\/team\/medarbejder-3\/\">Medarbejder<\/a><\/span><\/h3><\/div><div class=\"short-bio\"><p>Stillingsbetegnelse<\/p>\n<\/div><\/div><\/div><div class=\"rt-col-md-4 rt-col-sm-6 rt-col-xs-12  even-grid-item rt-grid-item isotope-item  iso_7 iso_11 iso_8 iso_14 iso_9\" data-id=\"397\"><div class=\"single-team-area\"><div class=\"single-team\"><figure><a class=\"\" data-id=\"397\" target=\"_self\" href=\"https:\/\/jfmwebkatalog.dk\/designs\/skole\/team\/medarbejder-4\/\"><img loading=\"lazy\" decoding=\"async\" width=\"800\" height=\"534\" src=\"https:\/\/jfmwebkatalog.dk\/designs\/skole\/wp-content\/uploads\/2023\/05\/portrait-beautiful-young-woman-standing-grey-wall.jpg\" class=\"img-responsive rt-team-img\" alt=\"Medarbejder\" \/><\/a><\/figure><\/div><div class=\"tlp-content\"><h3><span class=\"team-name\"><a class=\"\" data-id=\"397\" target=\"_self\" title=\"Medarbejder\" href=\"https:\/\/jfmwebkatalog.dk\/designs\/skole\/team\/medarbejder-4\/\">Medarbejder<\/a><\/span><\/h3><\/div><div class=\"short-bio\"><p>Stillingsbetegnelse<\/p>\n<\/div><\/div><\/div><div class=\"rt-col-md-4 rt-col-sm-6 rt-col-xs-12  even-grid-item rt-grid-item isotope-item  iso_6 iso_12 iso_13 iso_10 iso_11 iso_9\" data-id=\"398\"><div class=\"single-team-area\"><div class=\"single-team\"><figure><a class=\"\" data-id=\"398\" target=\"_self\" href=\"https:\/\/jfmwebkatalog.dk\/designs\/skole\/team\/medarbejder-5\/\"><img loading=\"lazy\" decoding=\"async\" width=\"800\" height=\"534\" src=\"https:\/\/jfmwebkatalog.dk\/designs\/skole\/wp-content\/uploads\/2023\/05\/young-man-with-beard-isolated-keeping-arms-crossed-frontal-position.jpg\" class=\"img-responsive rt-team-img\" alt=\"Medarbejder\" \/><\/a><\/figure><\/div><div class=\"tlp-content\"><h3><span class=\"team-name\"><a class=\"\" data-id=\"398\" target=\"_self\" title=\"Medarbejder\" href=\"https:\/\/jfmwebkatalog.dk\/designs\/skole\/team\/medarbejder-5\/\">Medarbejder<\/a><\/span><\/h3><\/div><div class=\"short-bio\"><p>Stillingsbetegnelse<\/p>\n<\/div><\/div><\/div><div class=\"rt-col-md-4 rt-col-sm-6 rt-col-xs-12  even-grid-item rt-grid-item isotope-item  iso_15 iso_12 iso_10 iso_11 iso_8 iso_14 iso_9\" data-id=\"392\"><div class=\"single-team-area\"><div class=\"single-team\"><figure><a class=\"\" data-id=\"392\" target=\"_self\" href=\"https:\/\/jfmwebkatalog.dk\/designs\/skole\/team\/medarbjeder\/\"><img loading=\"lazy\" decoding=\"async\" width=\"800\" height=\"534\" src=\"https:\/\/jfmwebkatalog.dk\/designs\/skole\/wp-content\/uploads\/2023\/05\/young-man-with-beard-isolated-keeping-arms-crossed-frontal-position.jpg\" class=\"img-responsive rt-team-img\" alt=\"Medarbjeder\" \/><\/a><\/figure><\/div><div class=\"tlp-content\"><h3><span class=\"team-name\"><a class=\"\" data-id=\"392\" target=\"_self\" title=\"Medarbjeder\" href=\"https:\/\/jfmwebkatalog.dk\/designs\/skole\/team\/medarbjeder\/\">Medarbjeder<\/a><\/span><\/h3><\/div><div class=\"short-bio\"><p>Stillingsbetegnelse<\/p>\n<\/div><\/div><\/div><div class=\"rt-col-md-4 rt-col-sm-6 rt-col-xs-12  even-grid-item rt-grid-item isotope-item  iso_15 iso_9\" data-id=\"393\"><div class=\"single-team-area\"><div class=\"single-team\"><figure><a class=\"\" data-id=\"393\" target=\"_self\" href=\"https:\/\/jfmwebkatalog.dk\/designs\/skole\/team\/medarbjeder-2\/\"><img loading=\"lazy\" decoding=\"async\" width=\"800\" height=\"534\" src=\"https:\/\/jfmwebkatalog.dk\/designs\/skole\/wp-content\/uploads\/2023\/05\/expressive-redhead-guy-beige-shirt-1.jpg\" class=\"img-responsive rt-team-img\" alt=\"Medarbjeder\" \/><\/a><\/figure><\/div><div class=\"tlp-content\"><h3><span class=\"team-name\"><a class=\"\" data-id=\"393\" target=\"_self\" title=\"Medarbjeder\" href=\"https:\/\/jfmwebkatalog.dk\/designs\/skole\/team\/medarbjeder-2\/\">Medarbjeder<\/a><\/span><\/h3><\/div><div class=\"short-bio\"><p>Stillingsbetegnelse<\/p>\n<\/div><\/div><\/div><\/div><div class=\"rt-loading-overlay\"><\/div><div class=\"rt-loading rt-ball-clip-rotate\"><div><\/div><\/div><\/div><\/div>\t\t\t\t<\/div>\n\t\t\t\t<\/div>\n\t\t\t\t\t<\/div>\n\t\t<\/div>\n\t\t\t\t\t<\/div>\n\t\t<\/section>\n\t\t\t\t<section class=\"elementor-section elementor-top-section elementor-element elementor-element-5df96025 elementor-section-full_width elementor-section-height-min-height elementor-section-items-stretch elementor-section-height-default\" data-id=\"5df96025\" data-element_type=\"section\" data-e-type=\"section\">\n\t\t\t\t\t\t<div class=\"elementor-container elementor-column-gap-wide\">\n\t\t\t\t\t<div class=\"elementor-column elementor-col-33 elementor-top-column elementor-element elementor-element-63317a8f\" data-id=\"63317a8f\" data-element_type=\"column\" data-e-type=\"column\" data-settings=\"{&quot;background_background&quot;:&quot;classic&quot;}\">\n\t\t\t<div class=\"elementor-widget-wrap elementor-element-populated\">\n\t\t\t\t\t\t<div class=\"elementor-element elementor-element-80e7222 elementor-invisible elementor-widget elementor-widget-heading\" data-id=\"80e7222\" data-element_type=\"widget\" data-e-type=\"widget\" data-settings=\"{&quot;_animation&quot;:&quot;fadeIn&quot;}\" data-widget_type=\"heading.default\">\n\t\t\t\t<div class=\"elementor-widget-container\">\n\t\t\t\t\t<h2 class=\"elementor-heading-title elementor-size-default\">\n\"En st\u00e6rk og vision\u00e6r ledelse p\u00e5 en efterskole er afg\u00f8rende for at skabe et milj\u00f8, hvor eleverne kan trives, udvikle sig og opn\u00e5 deres fulde potentiale.\"<\/h2>\t\t\t\t<\/div>\n\t\t\t\t<\/div>\n\t\t\t\t\t<\/div>\n\t\t<\/div>\n\t\t\t\t<div class=\"elementor-column elementor-col-33 elementor-top-column elementor-element elementor-element-21ff30d5\" data-id=\"21ff30d5\" data-element_type=\"column\" data-e-type=\"column\" data-settings=\"{&quot;background_background&quot;:&quot;classic&quot;}\">\n\t\t\t<div class=\"elementor-widget-wrap elementor-element-populated\">\n\t\t\t\t\t\t<div class=\"elementor-element elementor-element-a692f7e elementor-widget elementor-widget-spacer\" data-id=\"a692f7e\" data-element_type=\"widget\" data-e-type=\"widget\" data-widget_type=\"spacer.default\">\n\t\t\t\t<div class=\"elementor-widget-container\">\n\t\t\t\t\t\t\t<div class=\"elementor-spacer\">\n\t\t\t<div class=\"elementor-spacer-inner\"><\/div>\n\t\t<\/div>\n\t\t\t\t\t\t<\/div>\n\t\t\t\t<\/div>\n\t\t\t\t\t<\/div>\n\t\t<\/div>\n\t\t\t\t<div class=\"elementor-column elementor-col-33 elementor-top-column elementor-element elementor-element-1ae52f8e\" data-id=\"1ae52f8e\" data-element_type=\"column\" data-e-type=\"column\" data-settings=\"{&quot;background_background&quot;:&quot;classic&quot;}\">\n\t\t\t<div class=\"elementor-widget-wrap elementor-element-populated\">\n\t\t\t\t\t\t<div class=\"elementor-element elementor-element-7b05a040 elementor-view-default elementor-invisible elementor-widget elementor-widget-icon\" data-id=\"7b05a040\" data-element_type=\"widget\" data-e-type=\"widget\" data-settings=\"{&quot;_animation&quot;:&quot;fadeInDown&quot;}\" data-widget_type=\"icon.default\">\n\t\t\t\t<div class=\"elementor-widget-container\">\n\t\t\t\t\t\t\t<div class=\"elementor-icon-wrapper\">\n\t\t\t<div class=\"elementor-icon\">\n\t\t\t<i aria-hidden=\"true\" class=\"fas fa-graduation-cap\"><\/i>\t\t\t<\/div>\n\t\t<\/div>\n\t\t\t\t\t\t<\/div>\n\t\t\t\t<\/div>\n\t\t\t\t<div class=\"elementor-element elementor-element-194ecb07 elementor-invisible elementor-widget elementor-widget-heading\" data-id=\"194ecb07\" data-element_type=\"widget\" data-e-type=\"widget\" data-settings=\"{&quot;_animation&quot;:&quot;fadeIn&quot;}\" data-widget_type=\"heading.default\">\n\t\t\t\t<div class=\"elementor-widget-container\">\n\t\t\t\t\t<h2 class=\"elementor-heading-title elementor-size-default\">Book en rundvisning p\u00e5 Bellenau Efterskole<\/h2>\t\t\t\t<\/div>\n\t\t\t\t<\/div>\n\t\t\t\t<div class=\"elementor-element elementor-element-5edcc981 elementor-align-center elementor-invisible elementor-widget elementor-widget-button\" data-id=\"5edcc981\" data-element_type=\"widget\" data-e-type=\"widget\" data-settings=\"{&quot;_animation&quot;:&quot;fadeInUp&quot;}\" data-widget_type=\"button.default\">\n\t\t\t\t<div class=\"elementor-widget-container\">\n\t\t\t\t\t\t\t\t\t<div class=\"elementor-button-wrapper\">\n\t\t\t\t\t<a class=\"elementor-button elementor-button-link elementor-size-sm elementor-animation-float\" href=\"#\">\n\t\t\t\t\t\t<span class=\"elementor-button-content-wrapper\">\n\t\t\t\t\t\t<span class=\"elementor-button-icon\">\n\t\t\t\t<i aria-hidden=\"true\" class=\"far fa-eye\"><\/i>\t\t\t<\/span>\n\t\t\t\t\t\t\t\t\t<span class=\"elementor-button-text\">Kontakt<\/span>\n\t\t\t\t\t<\/span>\n\t\t\t\t\t<\/a>\n\t\t\t\t<\/div>\n\t\t\t\t\t\t\t\t<\/div>\n\t\t\t\t<\/div>\n\t\t\t\t\t<\/div>\n\t\t<\/div>\n\t\t\t\t\t<\/div>\n\t\t<\/section>\n\t\t\t\t<section class=\"elementor-section elementor-top-section elementor-element elementor-element-f33a314 elementor-section-boxed elementor-section-height-default elementor-section-height-default\" data-id=\"f33a314\" data-element_type=\"section\" data-e-type=\"section\" data-settings=\"{&quot;background_background&quot;:&quot;classic&quot;}\">\n\t\t\t\t\t\t\t<div class=\"elementor-background-overlay\"><\/div>\n\t\t\t\t\t\t\t<div class=\"elementor-container elementor-column-gap-wider\">\n\t\t\t\t\t<div class=\"elementor-column elementor-col-100 elementor-top-column elementor-element elementor-element-36dc0e25 elementor-invisible\" data-id=\"36dc0e25\" data-element_type=\"column\" data-e-type=\"column\" data-settings=\"{&quot;animation&quot;:&quot;fadeInUp&quot;}\">\n\t\t\t<div class=\"elementor-widget-wrap elementor-element-populated\">\n\t\t\t\t\t\t<div class=\"elementor-element elementor-element-2778ea09 elementor-widget elementor-widget-text-editor\" data-id=\"2778ea09\" data-element_type=\"widget\" data-e-type=\"widget\" data-widget_type=\"text-editor.default\">\n\t\t\t\t<div class=\"elementor-widget-container\">\n\t\t\t\t\t\t\t\t\t<p>Vores skole<\/p>\t\t\t\t\t\t\t\t<\/div>\n\t\t\t\t<\/div>\n\t\t\t\t<div class=\"elementor-element elementor-element-519b1876 elementor-widget-divider--view-line elementor-widget elementor-widget-divider\" data-id=\"519b1876\" data-element_type=\"widget\" data-e-type=\"widget\" data-widget_type=\"divider.default\">\n\t\t\t\t<div class=\"elementor-widget-container\">\n\t\t\t\t\t\t\t<div class=\"elementor-divider\">\n\t\t\t<span class=\"elementor-divider-separator\">\n\t\t\t\t\t\t<\/span>\n\t\t<\/div>\n\t\t\t\t\t\t<\/div>\n\t\t\t\t<\/div>\n\t\t\t\t<div class=\"elementor-element elementor-element-65d4d201 elementor-widget elementor-widget-heading\" data-id=\"65d4d201\" data-element_type=\"widget\" data-e-type=\"widget\" data-widget_type=\"heading.default\">\n\t\t\t\t<div class=\"elementor-widget-container\">\n\t\t\t\t\t<h2 class=\"elementor-heading-title elementor-size-default\">Book en rundvisning<\/h2>\t\t\t\t<\/div>\n\t\t\t\t<\/div>\n\t\t\t\t<div class=\"elementor-element elementor-element-553af6f3 elementor-widget elementor-widget-text-editor\" data-id=\"553af6f3\" data-element_type=\"widget\" data-e-type=\"widget\" data-widget_type=\"text-editor.default\">\n\t\t\t\t<div class=\"elementor-widget-container\">\n\t\t\t\t\t\t\t\t\t<p>Man kan fremad se, at de har v\u00e6ret udset til at l\u00e6se, at der skal dannes par af ligheder. Dermed kan der afsluttes uden l\u00f8se ender, og de kan optimeres fra oven af at formidles stort uden brug fra optimering af presse.&nbsp;<\/p>\t\t\t\t\t\t\t\t<\/div>\n\t\t\t\t<\/div>\n\t\t\t\t<div class=\"elementor-element elementor-element-1248a7cd elementor-align-center elementor-invisible elementor-widget elementor-widget-button\" data-id=\"1248a7cd\" data-element_type=\"widget\" data-e-type=\"widget\" data-settings=\"{&quot;_animation&quot;:&quot;fadeInUp&quot;}\" data-widget_type=\"button.default\">\n\t\t\t\t<div class=\"elementor-widget-container\">\n\t\t\t\t\t\t\t\t\t<div class=\"elementor-button-wrapper\">\n\t\t\t\t\t<a class=\"elementor-button elementor-button-link elementor-size-sm elementor-animation-float\" href=\"#\">\n\t\t\t\t\t\t<span class=\"elementor-button-content-wrapper\">\n\t\t\t\t\t\t<span class=\"elementor-button-icon\">\n\t\t\t\t<i aria-hidden=\"true\" class=\"far fa-eye\"><\/i>\t\t\t<\/span>\n\t\t\t\t\t\t\t\t\t<span class=\"elementor-button-text\">Kontakt<\/span>\n\t\t\t\t\t<\/span>\n\t\t\t\t\t<\/a>\n\t\t\t\t<\/div>\n\t\t\t\t\t\t\t\t<\/div>\n\t\t\t\t<\/div>\n\t\t\t\t\t<\/div>\n\t\t<\/div>\n\t\t\t\t\t<\/div>\n\t\t<\/section>\n\t\t\t\t<\/div>\n\t\t","protected":false},"excerpt":{"rendered":"<p>Medarbejdere M\u00f8d medarbejderne p\u00e5 Bellenau Efterskole Velkommen til vores personaleside for undervisere! Her kan du l\u00e6re vores engagerede og kvalificerede undervisere at kende. Vores undervisere br\u00e6nder for at hj\u00e6lpe vores studerende med at n\u00e5 deres m\u00e5l og udvikle deres f\u00e6rdigheder. L\u00e6r mere om vores undervisere og deres p\u00e6dagogiske tilgang, ekspertise og personlige interesser. &#8220;En st\u00e6rk [&hellip;]<\/p>\n","protected":false},"author":1,"featured_media":0,"parent":0,"menu_order":0,"comment_status":"closed","ping_status":"closed","template":"elementor_header_footer","meta":{"footnotes":""},"class_list":["post-24","page","type-page","status-publish","hentry"],"_links":{"self":[{"href":"https:\/\/jfmwebkatalog.dk\/designs\/skole\/wp-json\/wp\/v2\/pages\/24","targetHints":{"allow":["GET"]}}],"collection":[{"href":"https:\/\/jfmwebkatalog.dk\/designs\/skole\/wp-json\/wp\/v2\/pages"}],"about":[{"href":"https:\/\/jfmwebkatalog.dk\/designs\/skole\/wp-json\/wp\/v2\/types\/page"}],"author":[{"embeddable":true,"href":"https:\/\/jfmwebkatalog.dk\/designs\/skole\/wp-json\/wp\/v2\/users\/1"}],"replies":[{"embeddable":true,"href":"https:\/\/jfmwebkatalog.dk\/designs\/skole\/wp-json\/wp\/v2\/comments?post=24"}],"version-history":[{"count":26,"href":"https:\/\/jfmwebkatalog.dk\/designs\/skole\/wp-json\/wp\/v2\/pages\/24\/revisions"}],"predecessor-version":[{"id":723,"href":"https:\/\/jfmwebkatalog.dk\/designs\/skole\/wp-json\/wp\/v2\/pages\/24\/revisions\/723"}],"wp:attachment":[{"href":"https:\/\/jfmwebkatalog.dk\/designs\/skole\/wp-json\/wp\/v2\/media?parent=24"}],"curies":[{"name":"wp","href":"https:\/\/api.w.org\/{rel}","templated":true}]}}