{"id":61,"date":"2023-04-28T09:08:37","date_gmt":"2023-04-28T07:08:37","guid":{"rendered":"http:\/\/skole.jfmwebkatalog.dk\/?page_id=61"},"modified":"2023-05-02T10:31:35","modified_gmt":"2023-05-02T08:31:35","slug":"vedtaegter","status":"publish","type":"page","link":"https:\/\/jfmwebkatalog.dk\/designs\/skole\/vedtaegter\/","title":{"rendered":"Vedt\u00e6gter"},"content":{"rendered":"\t\t<div data-elementor-type=\"wp-page\" data-elementor-id=\"61\" class=\"elementor elementor-61\" data-elementor-post-type=\"page\">\n\t\t\t\t\t\t<section class=\"elementor-section elementor-top-section elementor-element elementor-element-1366988d elementor-section-boxed elementor-section-height-default elementor-section-height-default\" data-id=\"1366988d\" data-element_type=\"section\" data-e-type=\"section\" data-settings=\"{&quot;background_background&quot;:&quot;classic&quot;}\">\n\t\t\t\t\t\t\t<div class=\"elementor-background-overlay\"><\/div>\n\t\t\t\t\t\t\t<div class=\"elementor-container elementor-column-gap-default\">\n\t\t\t\t\t<div class=\"elementor-column elementor-col-100 elementor-top-column elementor-element elementor-element-1f6d0aaa\" data-id=\"1f6d0aaa\" data-element_type=\"column\" data-e-type=\"column\">\n\t\t\t<div class=\"elementor-widget-wrap elementor-element-populated\">\n\t\t\t\t\t\t\t<\/div>\n\t\t<\/div>\n\t\t\t\t\t<\/div>\n\t\t<\/section>\n\t\t\t\t<section class=\"elementor-section elementor-top-section elementor-element elementor-element-4e6e49ab elementor-section-boxed elementor-section-height-default elementor-section-height-default\" data-id=\"4e6e49ab\" data-element_type=\"section\" data-e-type=\"section\">\n\t\t\t\t\t\t<div class=\"elementor-container elementor-column-gap-wider\">\n\t\t\t\t\t<div class=\"elementor-column elementor-col-100 elementor-top-column elementor-element elementor-element-653dae42 elementor-invisible\" data-id=\"653dae42\" data-element_type=\"column\" data-e-type=\"column\" data-settings=\"{&quot;animation&quot;:&quot;fadeIn&quot;}\">\n\t\t\t<div class=\"elementor-widget-wrap elementor-element-populated\">\n\t\t\t\t\t\t<div class=\"elementor-element elementor-element-7e9d18dd elementor-widget elementor-widget-text-editor\" data-id=\"7e9d18dd\" data-element_type=\"widget\" data-e-type=\"widget\" data-widget_type=\"text-editor.default\">\n\t\t\t\t<div class=\"elementor-widget-container\">\n\t\t\t\t\t\t\t\t\t<p>Vedt\u00e6gter<\/p>\t\t\t\t\t\t\t\t<\/div>\n\t\t\t\t<\/div>\n\t\t\t\t<div class=\"elementor-element elementor-element-1d1e823c elementor-widget-divider--view-line elementor-widget elementor-widget-divider\" data-id=\"1d1e823c\" data-element_type=\"widget\" data-e-type=\"widget\" data-widget_type=\"divider.default\">\n\t\t\t\t<div class=\"elementor-widget-container\">\n\t\t\t\t\t\t\t<div class=\"elementor-divider\">\n\t\t\t<span class=\"elementor-divider-separator\">\n\t\t\t\t\t\t<\/span>\n\t\t<\/div>\n\t\t\t\t\t\t<\/div>\n\t\t\t\t<\/div>\n\t\t\t\t<div class=\"elementor-element elementor-element-4a36b7db elementor-widget elementor-widget-heading\" data-id=\"4a36b7db\" data-element_type=\"widget\" data-e-type=\"widget\" data-widget_type=\"heading.default\">\n\t\t\t\t<div class=\"elementor-widget-container\">\n\t\t\t\t\t<h1 class=\"elementor-heading-title elementor-size-default\">Vedt\u00e6gter for Bellenau Efterskole<\/h1>\t\t\t\t<\/div>\n\t\t\t\t<\/div>\n\t\t\t\t<div class=\"elementor-element elementor-element-53fa7fee elementor-widget elementor-widget-text-editor\" data-id=\"53fa7fee\" data-element_type=\"widget\" data-e-type=\"widget\" data-widget_type=\"text-editor.default\">\n\t\t\t\t<div class=\"elementor-widget-container\">\n\t\t\t\t\t\t\t\t\t<p style=\"text-align: center;\">Man kan fremad se, at de har v\u00e6ret udset til at l\u00e6se, at der skal dannes par af ligheder. Dermed kan der afsluttes uden l\u00f8se ender, og de kan optimeres fra oven\u00a0<\/p>\t\t\t\t\t\t\t\t<\/div>\n\t\t\t\t<\/div>\n\t\t\t\t\t<\/div>\n\t\t<\/div>\n\t\t\t\t\t<\/div>\n\t\t<\/section>\n\t\t\t\t<section class=\"elementor-section elementor-top-section elementor-element elementor-element-78e25bf elementor-section-boxed elementor-section-height-default elementor-section-height-default\" data-id=\"78e25bf\" data-element_type=\"section\" data-e-type=\"section\">\n\t\t\t\t\t\t<div class=\"elementor-container elementor-column-gap-wider\">\n\t\t\t\t\t<div class=\"elementor-column elementor-col-100 elementor-top-column elementor-element elementor-element-f82a820 elementor-invisible\" data-id=\"f82a820\" data-element_type=\"column\" data-e-type=\"column\" data-settings=\"{&quot;animation&quot;:&quot;fadeIn&quot;,&quot;animation_delay&quot;:100}\">\n\t\t\t<div class=\"elementor-widget-wrap elementor-element-populated\">\n\t\t\t\t\t\t<div class=\"elementor-element elementor-element-7d7a756 elementor-widget elementor-widget-text-editor\" data-id=\"7d7a756\" data-element_type=\"widget\" data-e-type=\"widget\" data-widget_type=\"text-editor.default\">\n\t\t\t\t<div class=\"elementor-widget-container\">\n\t\t\t\t\t\t\t\t\t<h4 style=\"text-align: left;\"><strong>Forslag til foreningsvedt\u00e6gter til folkeoplysende forening, der udbyder voksenundervisning<\/strong><\/h4><p style=\"text-align: left;\">\u00a7 1. Foreningens navn og hjemsted:<\/p><p style=\"text-align: left;\">Foreningens navn er XXX og dens hjemsted er i K\u00f8benhavns Kommune<\/p><p style=\"text-align: left;\">\u00a7 2. Foreningens form\u00e5l:<\/p><p style=\"text-align: left;\">Foreningens form\u00e5l er at tilbyde\/udvikle<\/p><ul style=\"text-align: left;\"><li><p>Voksenundervisning, foredrag, studiekredse og debatskabende arrangementer i brede almene<\/p><\/li><\/ul><p style=\"text-align: left;\">emner iht. Folkeoplysningsloven<\/p><ul style=\"text-align: left;\"><li><p>Kulturudveksling og \u2013forst\u00e5else<\/p><\/li><\/ul><p style=\"text-align: left;\">for alle interesserede med hovedv\u00e6gt p\u00e5 XXX.<\/p><p style=\"text-align: left;\"><strong>\u00a0<\/strong><\/p><p style=\"text-align: left;\">\u00a7 3. Medlemmer:<\/p><p style=\"text-align: left;\">Som medlem af foreningen kan optages alle, der aktivt vil arbejde for foreningens form\u00e5l.<\/p><p style=\"text-align: left;\">Medlemskab, herunder stemmeret p\u00e5 generalforsamlingen og opstillingsret til bestyrelsen opn\u00e5s, n\u00e5r kontingent<\/p><p style=\"text-align: left;\">er betalt senest fem dage f\u00f8r generalforsamlingen.<\/p><p style=\"text-align: left;\"><strong>\u00a0<\/strong><\/p><p style=\"text-align: left;\">\u00a7 4. Kontingent:<\/p><p style=\"text-align: left;\">Til drift af foreningens form\u00e5l betales et \u00e5rligt kontingent, hvis st\u00f8rrelse fasts\u00e6ttes p\u00e5 den ordin\u00e6re generalforsamling.<\/p><p style=\"text-align: left;\"><strong>\u00a0<\/strong><\/p><p style=\"text-align: left;\">\u00a7 5. Regnskab og revision:<\/p><p style=\"text-align: left;\">Regnskabs\u00e5ret er kalender\u00e5ret.<\/p><p style=\"text-align: left;\">Det reviderede regnskab med kommende \u00e5rs budget, skal v\u00e6re fremsendt til medlemmer senest 14 dage f\u00f8r den ordin\u00e6re generalforsamling.<\/p><p style=\"text-align: left;\">Foreningens midler opbevares p\u00e5 foreningens bankkonto.<\/p><p style=\"text-align: left;\"><strong>\u00a0<\/strong><\/p><p style=\"text-align: left;\">\u00a7 6. Generalforsamling:<\/p><p style=\"text-align: left;\">Generalforsamlingen, der er foreningens h\u00f8jeste myndighed, afholdes hvert \u00e5r inden udgangen af marts.<\/p><p style=\"text-align: left;\">Generalforsamlingen indkaldes med mindst 14 dages varsel ved skriftlig meddelelse til medlemmer. Dagsorden<\/p><p style=\"text-align: left;\">vedl\u00e6gges indkaldelsen.<\/p><p style=\"text-align: left;\">Forslag, der \u00f8nskes behandlet p\u00e5 m\u00f8det, skal v\u00e6re bestyrelsen i h\u00e6nde senest syv dage f\u00f8r generalforsamlingen.<\/p><p style=\"text-align: left;\"><strong>\u00a0<\/strong><\/p><p style=\"text-align: left;\">\u00a7 7. Dagsorden:<\/p><p style=\"text-align: left;\">Dagsorden for den ordin\u00e6re generalforsamling skal indeholde f\u00f8lgende punkter:<\/p><ol style=\"text-align: left;\"><li><p>Valg af dirigent.<\/p><\/li><li><p>Valg af referent<\/p><\/li><li><p>Bestyrelsens beretning.<\/p><\/li><li><p>Regnskab for det forl\u00f8bne \u00e5r til godkendelse.<\/p><\/li><li><p>Budget til orientering<\/p><\/li><li><p>Behandling af indkomne forslag.<\/p><\/li><li><p>Fasts\u00e6ttelse af kontingent.<\/p><\/li><li><p>Valg af bestyrelsesmedlemmer og suppleanter.<\/p><\/li><li><p>Procedure for valg af deltagerrepr\u00e6sentant.<\/p><\/li><li><p>Valg af revisor og revisorsuppleant.<\/p><\/li><li><p>Eventuelt.<\/p><\/li><\/ol><p style=\"text-align: left;\">\u00a7 8. Stemmeret og afstemning:<\/p><p style=\"text-align: left;\">Stemmeret til generalforsamlingen har de fremm\u00f8dte medlemmer. Medlemmer, der skylder kontingent, har ikke<\/p><p style=\"text-align: left;\">stemmeret.<\/p><p style=\"text-align: left;\">Medlemmerne tr\u00e6ffer beslutning ved simpelt stemmeflertal, undtagen i de tilf\u00e6lde, hvor der til afstemningen<\/p><p style=\"text-align: left;\">foreligger forslag til vedt\u00e6gts\u00e6ndringer eller opl\u00f8sning af foreningen.<\/p><p style=\"text-align: left;\">Forslag til vedt\u00e6gts\u00e6ndringer kan kun vedtages med 2\/3 majoritet af de fremm\u00f8dte medlemmer.<\/p><p style=\"text-align: left;\">Forslag til opl\u00f8sning eller \u00e6ndring af foreningens form\u00e5l kan kun vedtages p\u00e5 en i dette \u00f8jemed s\u00e6rligt indkaldt<\/p><p style=\"text-align: left;\">generalforsamling,<\/p><ol style=\"text-align: left;\" start=\"11\"><li><p>\u00a7 11.<\/p><\/li><\/ol><p style=\"text-align: left;\">Afstemningen sker ved h\u00e5ndsopr\u00e6kning, men s\u00e5fremt dirigenten eller et medlem forlanger det, skal<\/p><p style=\"text-align: left;\">afstemningen ske skriftligt.<\/p><p style=\"text-align: left;\">\u00a7 9. Ekstraordin\u00e6r generalforsamling:<\/p><p style=\"text-align: left;\">Ekstraordin\u00e6r generalforsamling afholdes, n\u00e5r et flertal af bestyrelsen eller mindst 1\/3 af medlemmerne forlanger<\/p><p style=\"text-align: left;\">det. Anmodning om ekstraordin\u00e6r generalforsamling skal ledsages af udf\u00f8rlig dagsorden.<\/p><p style=\"text-align: left;\">Indkaldelse til ekstraordin\u00e6r generalforsamling skal ske senest 14 dage efter krav er fremkommet og indkaldes med samme varsel som den ordin\u00e6re generalforsamling.<\/p><p style=\"text-align: left;\"><strong>\u00a0<\/strong><\/p><p style=\"text-align: left;\">\u00a7 10. Bestyrelsens ledelse:<\/p><p style=\"text-align: left;\">Foreningens daglige ledelse er hos bestyrelsen, der best\u00e5r af fem medlemmer, som i videst muligt omfang<\/p><p style=\"text-align: left;\">repr\u00e6senterer foreningens forskellige grupper.<\/p><p style=\"text-align: left;\">Efter generalforsamlingens n\u00e6rmere bestemmelse skal der v\u00e6re mulighed for at v\u00e6lge et bestyrelsesmedlem blandt og af deltagerne i foreningens aktiviteter.<\/p><p style=\"text-align: left;\">Den samlede bestyrelse er ansvarlig for at tilskud og anviste lokaler anvendes i overensstemmelse med g\u00e6ldende aftaler.<\/p><p style=\"text-align: left;\">Formanden og kassereren har tegningsret over foreningens \u00f8konomiske midler, n\u00e5r de begge underskriver.<\/p><p style=\"text-align: left;\">Det er den samlede bestyrelse, der skal underskrive det \u00e5rlige regnskab.<\/p><p style=\"text-align: left;\">Bestyrelsesmedlemmer v\u00e6lges for to \u00e5r ad gangen. Genvalg kan ske. I ulige \u00e5r v\u00e6lges tre bestyrelsesmedlemmer, og i lige \u00e5r v\u00e6lges to bestyrelsesmedlemmer.<\/p><p style=\"text-align: left;\">Der v\u00e6lges hvert \u00e5r to suppleanter til bestyrelsen, som tr\u00e6der ind i tilf\u00e6lde af, at et bestyrelsesmedlem forlader bestyrelsen inden for valgperioden.<\/p><p style=\"text-align: left;\">Bestyrelsen fastl\u00e6gger selv fordelingen af posterne formand, n\u00e6stformand og kasserer p\u00e5 sit f\u00f8rste m\u00f8de, der skal afholdes umiddelbart efter den ordin\u00e6re generalforsamling.<\/p><p style=\"text-align: left;\">For at v\u00e6re valgbar, skal den foresl\u00e5ede personligt v\u00e6re til stede og tilkendegive at v\u00e6re villig til at modtage<\/p><p style=\"text-align: left;\">valg.<\/p><p style=\"text-align: left;\">Bestyrelsen er ansvarlig overfor generalforsamlingen.<\/p><p style=\"text-align: left;\">Beslutninger tr\u00e6ffes ved simpelt stemmeflertal, og i tilf\u00e6lde<\/p><p style=\"text-align: left;\">af stemmelighed er formandens stemme afg\u00f8rende.<\/p><p style=\"text-align: left;\">Bestyrelsesm\u00f8der afholdes s\u00e5 ofte, formanden eller to bestyrelsesmedlemmer finder det n\u00f8dvendigt, og indkaldes med mindst syv dages varsel.<\/p><p style=\"text-align: left;\">\u00a7 11. Opl\u00f8sning og \u00e6ndring af form\u00e5lsparagraf:<\/p><p style=\"text-align: left;\">Forslag til opl\u00f8sning eller \u00e6ndring af foreningens vedt\u00e6gter kan kun vedtages p\u00e5 en ekstraordin\u00e6r generalforsamling. Mindst 2\/3 af de fremm\u00f8dte skal stemme for forslaget hvis forslaget skal godkendes.<\/p><p style=\"text-align: left;\">I tilf\u00e6lde af opl\u00f8sning tilfalder foreningens formue\/overskud almennyttige form\u00e5l efter den opl\u00f8sende generalforsamlings n\u00e6rmere bestemmelser.<\/p><p style=\"text-align: left;\">S\u00e5ledes vedtaget p\u00e5 den stiftende generalforsamling den XXX<\/p><p style=\"text-align: left;\"><em>Underskrevet af alle bestyrelsesmedlemmer<\/em><\/p>\t\t\t\t\t\t\t\t<\/div>\n\t\t\t\t<\/div>\n\t\t\t\t\t<\/div>\n\t\t<\/div>\n\t\t\t\t\t<\/div>\n\t\t<\/section>\n\t\t\t\t<section class=\"elementor-section elementor-top-section elementor-element elementor-element-51d65eb5 elementor-section-full_width elementor-section-height-min-height elementor-section-items-stretch elementor-section-height-default\" data-id=\"51d65eb5\" data-element_type=\"section\" data-e-type=\"section\">\n\t\t\t\t\t\t<div class=\"elementor-container elementor-column-gap-wide\">\n\t\t\t\t\t<div class=\"elementor-column elementor-col-33 elementor-top-column elementor-element elementor-element-28c35548\" data-id=\"28c35548\" data-element_type=\"column\" data-e-type=\"column\" data-settings=\"{&quot;background_background&quot;:&quot;classic&quot;}\">\n\t\t\t<div class=\"elementor-widget-wrap elementor-element-populated\">\n\t\t\t\t\t\t<div class=\"elementor-element elementor-element-483017f1 elementor-invisible elementor-widget elementor-widget-heading\" data-id=\"483017f1\" data-element_type=\"widget\" data-e-type=\"widget\" data-settings=\"{&quot;_animation&quot;:&quot;fadeIn&quot;}\" data-widget_type=\"heading.default\">\n\t\t\t\t<div class=\"elementor-widget-container\">\n\t\t\t\t\t<h2 class=\"elementor-heading-title elementor-size-default\">\"Efterskolen er en unik og transformerende oplevelse, der kan \u00e6ndre ens syn p\u00e5 verden og \u00e5bne d\u00f8rene til en fremtid fyldt med muligheder og succes.\"<\/h2>\t\t\t\t<\/div>\n\t\t\t\t<\/div>\n\t\t\t\t\t<\/div>\n\t\t<\/div>\n\t\t\t\t<div class=\"elementor-column elementor-col-33 elementor-top-column elementor-element elementor-element-9113db8\" data-id=\"9113db8\" data-element_type=\"column\" data-e-type=\"column\" data-settings=\"{&quot;background_background&quot;:&quot;classic&quot;}\">\n\t\t\t<div class=\"elementor-widget-wrap elementor-element-populated\">\n\t\t\t\t\t\t<div class=\"elementor-element elementor-element-7b3e7ea6 elementor-widget elementor-widget-spacer\" data-id=\"7b3e7ea6\" data-element_type=\"widget\" data-e-type=\"widget\" data-widget_type=\"spacer.default\">\n\t\t\t\t<div class=\"elementor-widget-container\">\n\t\t\t\t\t\t\t<div class=\"elementor-spacer\">\n\t\t\t<div class=\"elementor-spacer-inner\"><\/div>\n\t\t<\/div>\n\t\t\t\t\t\t<\/div>\n\t\t\t\t<\/div>\n\t\t\t\t\t<\/div>\n\t\t<\/div>\n\t\t\t\t<div class=\"elementor-column elementor-col-33 elementor-top-column elementor-element elementor-element-22fc0c37\" data-id=\"22fc0c37\" data-element_type=\"column\" data-e-type=\"column\" data-settings=\"{&quot;background_background&quot;:&quot;classic&quot;}\">\n\t\t\t<div class=\"elementor-widget-wrap elementor-element-populated\">\n\t\t\t\t\t\t<div class=\"elementor-element elementor-element-316a37bf elementor-view-default elementor-invisible elementor-widget elementor-widget-icon\" data-id=\"316a37bf\" data-element_type=\"widget\" data-e-type=\"widget\" data-settings=\"{&quot;_animation&quot;:&quot;fadeInDown&quot;}\" data-widget_type=\"icon.default\">\n\t\t\t\t<div class=\"elementor-widget-container\">\n\t\t\t\t\t\t\t<div class=\"elementor-icon-wrapper\">\n\t\t\t<div class=\"elementor-icon\">\n\t\t\t<i aria-hidden=\"true\" class=\"fas fa-graduation-cap\"><\/i>\t\t\t<\/div>\n\t\t<\/div>\n\t\t\t\t\t\t<\/div>\n\t\t\t\t<\/div>\n\t\t\t\t<div class=\"elementor-element elementor-element-55118e5e elementor-invisible elementor-widget elementor-widget-heading\" data-id=\"55118e5e\" data-element_type=\"widget\" data-e-type=\"widget\" data-settings=\"{&quot;_animation&quot;:&quot;fadeIn&quot;}\" data-widget_type=\"heading.default\">\n\t\t\t\t<div class=\"elementor-widget-container\">\n\t\t\t\t\t<h2 class=\"elementor-heading-title elementor-size-default\">Book en rundvisning p\u00e5 Bellenau Efterskole<\/h2>\t\t\t\t<\/div>\n\t\t\t\t<\/div>\n\t\t\t\t<div class=\"elementor-element elementor-element-2853f643 elementor-align-center elementor-invisible elementor-widget elementor-widget-button\" data-id=\"2853f643\" data-element_type=\"widget\" data-e-type=\"widget\" data-settings=\"{&quot;_animation&quot;:&quot;fadeInUp&quot;}\" data-widget_type=\"button.default\">\n\t\t\t\t<div class=\"elementor-widget-container\">\n\t\t\t\t\t\t\t\t\t<div class=\"elementor-button-wrapper\">\n\t\t\t\t\t<a class=\"elementor-button elementor-button-link elementor-size-sm elementor-animation-float\" href=\"\/kontakt\">\n\t\t\t\t\t\t<span class=\"elementor-button-content-wrapper\">\n\t\t\t\t\t\t<span class=\"elementor-button-icon\">\n\t\t\t\t<i aria-hidden=\"true\" class=\"far fa-eye\"><\/i>\t\t\t<\/span>\n\t\t\t\t\t\t\t\t\t<span class=\"elementor-button-text\">Kontakt<\/span>\n\t\t\t\t\t<\/span>\n\t\t\t\t\t<\/a>\n\t\t\t\t<\/div>\n\t\t\t\t\t\t\t\t<\/div>\n\t\t\t\t<\/div>\n\t\t\t\t\t<\/div>\n\t\t<\/div>\n\t\t\t\t\t<\/div>\n\t\t<\/section>\n\t\t\t\t<section class=\"elementor-section elementor-top-section elementor-element elementor-element-35ffdd66 elementor-section-boxed elementor-section-height-default elementor-section-height-default\" data-id=\"35ffdd66\" data-element_type=\"section\" data-e-type=\"section\" data-settings=\"{&quot;background_background&quot;:&quot;classic&quot;}\">\n\t\t\t\t\t\t\t<div class=\"elementor-background-overlay\"><\/div>\n\t\t\t\t\t\t\t<div class=\"elementor-container elementor-column-gap-wider\">\n\t\t\t\t\t<div class=\"elementor-column elementor-col-100 elementor-top-column elementor-element elementor-element-3f8acaae elementor-invisible\" data-id=\"3f8acaae\" data-element_type=\"column\" data-e-type=\"column\" data-settings=\"{&quot;animation&quot;:&quot;fadeInUp&quot;}\">\n\t\t\t<div class=\"elementor-widget-wrap elementor-element-populated\">\n\t\t\t\t\t\t<div class=\"elementor-element elementor-element-72a09199 elementor-widget elementor-widget-text-editor\" data-id=\"72a09199\" data-element_type=\"widget\" data-e-type=\"widget\" data-widget_type=\"text-editor.default\">\n\t\t\t\t<div class=\"elementor-widget-container\">\n\t\t\t\t\t\t\t\t\t<p>Basketball<\/p>\t\t\t\t\t\t\t\t<\/div>\n\t\t\t\t<\/div>\n\t\t\t\t<div class=\"elementor-element elementor-element-5f6814d2 elementor-widget-divider--view-line elementor-widget elementor-widget-divider\" data-id=\"5f6814d2\" data-element_type=\"widget\" data-e-type=\"widget\" data-widget_type=\"divider.default\">\n\t\t\t\t<div class=\"elementor-widget-container\">\n\t\t\t\t\t\t\t<div class=\"elementor-divider\">\n\t\t\t<span class=\"elementor-divider-separator\">\n\t\t\t\t\t\t<\/span>\n\t\t<\/div>\n\t\t\t\t\t\t<\/div>\n\t\t\t\t<\/div>\n\t\t\t\t<div class=\"elementor-element elementor-element-375ce99 elementor-widget elementor-widget-heading\" data-id=\"375ce99\" data-element_type=\"widget\" data-e-type=\"widget\" data-widget_type=\"heading.default\">\n\t\t\t\t<div class=\"elementor-widget-container\">\n\t\t\t\t\t<h2 class=\"elementor-heading-title elementor-size-default\">Book en rundvisning<\/h2>\t\t\t\t<\/div>\n\t\t\t\t<\/div>\n\t\t\t\t<div class=\"elementor-element elementor-element-6ada665f elementor-widget elementor-widget-text-editor\" data-id=\"6ada665f\" data-element_type=\"widget\" data-e-type=\"widget\" data-widget_type=\"text-editor.default\">\n\t\t\t\t<div class=\"elementor-widget-container\">\n\t\t\t\t\t\t\t\t\t<p>Man kan fremad se, at de har v\u00e6ret udset til at l\u00e6se, at der skal dannes par af ligheder. Dermed kan der afsluttes uden l\u00f8se ender, og de kan optimeres fra oven af at formidles stort uden brug fra optimering af presse.&nbsp;<\/p>\t\t\t\t\t\t\t\t<\/div>\n\t\t\t\t<\/div>\n\t\t\t\t<div class=\"elementor-element elementor-element-27d33704 elementor-align-center elementor-invisible elementor-widget elementor-widget-button\" data-id=\"27d33704\" data-element_type=\"widget\" data-e-type=\"widget\" data-settings=\"{&quot;_animation&quot;:&quot;fadeInUp&quot;}\" data-widget_type=\"button.default\">\n\t\t\t\t<div class=\"elementor-widget-container\">\n\t\t\t\t\t\t\t\t\t<div class=\"elementor-button-wrapper\">\n\t\t\t\t\t<a class=\"elementor-button elementor-button-link elementor-size-sm elementor-animation-float\" href=\"\/kontakt\">\n\t\t\t\t\t\t<span class=\"elementor-button-content-wrapper\">\n\t\t\t\t\t\t<span class=\"elementor-button-icon\">\n\t\t\t\t<i aria-hidden=\"true\" class=\"far fa-eye\"><\/i>\t\t\t<\/span>\n\t\t\t\t\t\t\t\t\t<span class=\"elementor-button-text\">Kontakt<\/span>\n\t\t\t\t\t<\/span>\n\t\t\t\t\t<\/a>\n\t\t\t\t<\/div>\n\t\t\t\t\t\t\t\t<\/div>\n\t\t\t\t<\/div>\n\t\t\t\t\t<\/div>\n\t\t<\/div>\n\t\t\t\t\t<\/div>\n\t\t<\/section>\n\t\t\t\t<\/div>\n\t\t","protected":false},"excerpt":{"rendered":"<p>Vedt\u00e6gter Vedt\u00e6gter for Bellenau Efterskole Man kan fremad se, at de har v\u00e6ret udset til at l\u00e6se, at der skal dannes par af ligheder. Dermed kan der afsluttes uden l\u00f8se ender, og de kan optimeres fra oven\u00a0 Forslag til foreningsvedt\u00e6gter til folkeoplysende forening, der udbyder voksenundervisning \u00a7 1. Foreningens navn og hjemsted: Foreningens navn er [&hellip;]<\/p>\n","protected":false},"author":1,"featured_media":0,"parent":0,"menu_order":0,"comment_status":"closed","ping_status":"closed","template":"elementor_header_footer","meta":{"footnotes":""},"class_list":["post-61","page","type-page","status-publish","hentry"],"_links":{"self":[{"href":"https:\/\/jfmwebkatalog.dk\/designs\/skole\/wp-json\/wp\/v2\/pages\/61","targetHints":{"allow":["GET"]}}],"collection":[{"href":"https:\/\/jfmwebkatalog.dk\/designs\/skole\/wp-json\/wp\/v2\/pages"}],"about":[{"href":"https:\/\/jfmwebkatalog.dk\/designs\/skole\/wp-json\/wp\/v2\/types\/page"}],"author":[{"embeddable":true,"href":"https:\/\/jfmwebkatalog.dk\/designs\/skole\/wp-json\/wp\/v2\/users\/1"}],"replies":[{"embeddable":true,"href":"https:\/\/jfmwebkatalog.dk\/designs\/skole\/wp-json\/wp\/v2\/comments?post=61"}],"version-history":[{"count":16,"href":"https:\/\/jfmwebkatalog.dk\/designs\/skole\/wp-json\/wp\/v2\/pages\/61\/revisions"}],"predecessor-version":[{"id":762,"href":"https:\/\/jfmwebkatalog.dk\/designs\/skole\/wp-json\/wp\/v2\/pages\/61\/revisions\/762"}],"wp:attachment":[{"href":"https:\/\/jfmwebkatalog.dk\/designs\/skole\/wp-json\/wp\/v2\/media?parent=61"}],"curies":[{"name":"wp","href":"https:\/\/api.w.org\/{rel}","templated":true}]}}